y 26.
18
Calculate the remainder when 75825966 is divided by 3773.
3758
What is the remainder when 2170460 is divided by 9236?
0
Calculate the remainder when 3039135 is divided by 2602.
2601
Calculate the remainder when 1908660 is divided by 636189.
93
Calculate the remainder when 485414 is divided by 2464.
6
Calculate the remainder when 8527513 is divided by 22500.
13
What is the remainder when 715857 is divided by 65061?
186
Calculate the remainder when 9806657 is divided by 1533.
56
What is the remainder when 43653 is divided by 8704?
133
Calculate the remainder when 471667 is divided by 4517.
1899
What is the remainder when 6081773 is divided by 2027247?
32
What is the remainder when 4336970 is divided by 17?
15
Calculate the remainder when 1765688 is divided by 2025.
1913
Calculate the remainder when 1671 is divided by 1339.
332
What is the remainder when 15851 is divided by 10217?
5634
What is the remainder when 549532 is divided by 739?
455
Calculate the remainder when 1338761 is divided by 3570.
11
What is the remainder when 18718916 is divided by 360?
356
What is the remainder when 385776 is divided by 32146?
24
What is the remainder when 4954293 is divided by 101?
41
Calculate the remainder when 1117290 is divided by 74486.
0
What is the remainder when 244452 is divided by 61078?
140
Calculate the remainder when 57798969 is divided by 355.
354
Calculate the remainder when 30634834 is divided by 199.
177
Calculate the remainder when 45542699 is divided by 3919.
0
Calculate the remainder when 181432 is divided by 3020.
232
What is the remainder when 31508 is divided by 1963?
100
What is the remainder when 317695999 is divided by 100?
99
What is the remainder when 537490 is divided by 268227?
1036
What is the remainder when 131812 is divided by 1285?
742
Calculate the remainder when 93728 is divided by 209.
96
Calculate the remainder when 42831449 is divided by 3018.
3011
What is the remainder when 2519186 is divided by 5999?
5605
What is the remainder when 459752 is divided by 363?
194
Calculate the remainder when 1940875 is divided by 1940856.
19
What is the remainder when 3785412 is divided by 25577?
16
Calculate the remainder when 16008857 is divided by 20.
17
What is the remainder when 1142337 is divided by 189796?
3561
Calculate the remainder when 3565374 is divided by 594202.
162
Calculate the remainder when 11016317 is divided by 112.
109
What is the remainder when 36370494 is divided by 181?
173
Calculate the remainder when 85232 is divided by 2364.
128
Calculate the remainder when 5939 is divided by 5283.
656
Calculate the remainder when 5287685 is divided by 164.
161
What is the remainder when 4268056 is divided by 101?
99
What is the remainder when 78898 is divided by 804?
106
Calculate the remainder when 3038686 is divided by 759670.
6
What is the remainder when 554250674 is divided by 7067?
7065
What is the remainder when 467617 is divided by 38968?
1
Calculate the remainder when 246012 is divided by 598.
234
What is the remainder when 89264050 is divided by 1257240?
10
Calculate the remainder when 208573 is divided by 206.
101
What is the remainder when 21680378 is divided by 18?
8
Calculate the remainder when 96797 is divided by 24189.
41
What is the remainder when 2396803 is divided by 3424?
3
What is the remainder when 69824 is divided by 786?
656
What is the remainder when 40230 is divided by 40204?
26
What is the remainder when 15564536 is divided by 555872?
120
What is the remainder when 374574 is divided by 7967?
125
Calculate the remainder when 17497375 is divided by 734.
283
Calculate the remainder when 256043 is divided by 353.
118
Calculate the remainder when 6854236 is divided by 32.
28
Calculate the remainder when 124765284 is divided by 238.
210
Calculate the remainder when 2455255 is divided by 2719.
2717
What is the remainder when 17061895 is divided by 50931?
10
What is the remainder when 8195483 is divided by 1024433?
19
Calculate the remainder when 3728734 is divided by 29130.
94
Calculate the remainder when 16899 is divided by 7360.
2179
What is the remainder when 3252566 is divided by 1084184?
14
What is the remainder when 33753279 is divided by 9?
3
What is the remainder when 366424 is divided by 183206?
12
Calculate the remainder when 917660 is divided by 2594.
1978
Calculate the remainder when 4625755 is divided by 36.
7
Calculate the remainder when 110570 is divided by 718.
716
Calculate the remainder when 1104848 is divided by 24.
8
Calculate the remainder when 66842 is divided by 67.
43
What is the remainder when 20940269 is divided by 390?
389
Calculate the remainder when 1308880 is divided by 3739.
230
Calculate the remainder when 334478 is divided by 550.
78
Calculate the remainder when 60686163 is divided by 51780.
3
Calculate the remainder when 1772966 is divided by 232.
22
Calculate the remainder when 4708045 is divided by 152.
149
Calculate the remainder when 4043200 is divided by 8038.
86
Calculate the remainder when 1489752 is divided by 182.
82
What is the remainder when 49178178 is divided by 457?
408
What is the remainder when 286446 is divided by 4944?
4638
Calculate the remainder when 58917831 is divided by 685091.
5
What is the remainder when 24372728 is divided by 4401?
4391
Calculate the remainder when 3087959 is divided by 105.
14
Calculate the remainder when 1215836 is divided by 21.
20
What is the remainder when 1569322 is divided by 596?
54
What is the remainder when 19922939 is divided by 76?
71
What is the remainder when 1383814 is divided by 10?
4
What is the remainder when 90529 is divided by 8190?
439
Calculate the remainder when 73297 is divided by 24232.
601
Calculate the remainder when 226381 is divided by 56361.
937
What is the remainder when 169866 is divided by 3393?
216
What is the remainder when 6054 is divided by 865?
864
Calculate the remainder when 737516 is divided by 245560.
836
Calculate the remainder when 644691 is divided by 572.
47
Calculate the remainder when 19793869 is divided by 188.
101
What is the remainder when 13295 is divided by 2969?
1419
Calculate the remainder when 9562554 is divided by 186.
108
Calculate the remainder when 3119829 is divided by 14.
13
What is the remainder when 10248073 is divided by 3647?
3
Calculate the remainder when 7337494 is divided by 44.
10
What is the remainder when 115414527 is divided by 330?
327
What is the remainder when 1586963 is divided by 1586953?
10
What is the remainder when 260432 is divided by 86615?
587
What is the remainder when 4794 is divided by 150?
144
What is the remainder when 325327 is divided by 269?
106
What is the remainder when 161185677 is divided by 31?
30
What is the remainder when 1960612 is divided by 5119?
35
What is the remainder when 52201374 is divided by 32?
30
What is the remainder when 26091 is divided by 533?
507
Calculate the remainder when 9777761 is divided by 752132.
45
Calculate the remainder when 288456837 is divided by 35.
32
What is the remainder when 55168129 is divided by 2308?
5
Calculate the remainder when 497899 is divided by 55319.
28
What is the remainder when 857410 is divided by 38944?
642
Calculate the remainder when 2303752 is divided by 2456.
24
What is the remainder when 9739634 is divided by 91?
86
What is the remainder when 522706 is divided by 261299?
108
Calculate the remainder when 414272 is divided by 6092.
16
Calculate the remainder when 25314248 is divided by 3681.
11
What is the remainder when 1816163 is divided by 1159?
10
Calculate the remainder when 287351485 is divided by 928.
925
Calculate the remainder when 5086557 is divided by 70.
7
Calculate the remainder when 413013 is divided by 68834.
9
What is the remainder when 715758 is divided by 238583?
9
What is the remainder when 4570208 is divided by 152340?
8
Calculate the remainder when 13446261 is divided by 2941.
9
What is the remainder when 855085 is divided by 2706?
2695
Calculate the remainder when 3914771 is divided by 340.
11
What is the remainder when 11752 is divided by 11372?
380
What is the remainder when 3780393 is divided by 18088?
1
Calculate the remainder when 50342 is divided by 24949.
444
What is the remainder when 22969002 is divided by 4593797?
17
Calculate the remainde